culate the remainder when 28/3*78/52 is divided by 2040/(-425)*(-10)/6.
6
Let t = -95 + 367. Suppose -4*s + 451 = 2*d - 355, 2*d + 2*s = 798. Let u = d - t. Calculate the remainder when u is divided by 14.
11
Suppose 4*k = 2*c + 642, c - 4*k = -297 - 32. Let q = c + 434. Calculate the remainder when q is divided by 26.
17
Let l = 2684 - 1299. What is the remainder when l is divided by 21?
20
Let b(q) = 11*q - 54. Let y be b(18). Suppose 27*x = 35*x - y. What is the remainder when 182 is divided by x/(-4)*-8 + -5?
27
What is the remainder when 278 is divided by ((-16)/(-32))/(375/186 + -2)?
30
Suppose 549 = -64*f - 57*f + 3453. What is the remainder when 832 is divided by f?
16
Suppose 0 = 5*a + 4*g + 20, 2*g + 10 = 3*a - 0. Suppose 4*z - 620 + 20 = a. What is the remainder when z is divided by 9?
6
Suppose 3*t + 3*k - 27 = 0, -4*t + 5*k + 44 = k. Let p = -111 - -143. Suppose 85*n = 87*n - p. Calculate the remainder when n is divided by t.
6
Calculate the remainder when 115 is divided by ((-40)/6)/4*((27 - 25) + -14).
15
Let l(i) = i**3 + 13*i**2 + 43*i + 15. Let v be l(-6). Suppose 241 = v*z - 335. What is the remainder when z is divided by 17?
13
Let k be ((-950)/40)/((-1)/4). Suppose -8*t = 4*a - 12*t - 100, -5*a - 5*t = -k. Calculate the remainder when a is divided by 9.
4
What is the remainder when 561 is divided by 2/(2 + (-48)/28)?
1
Suppose -38*p + 39*p = 2, -g - 4*p + 117 = 0. Calculate the remainder when 433 is divided by g.
106
Let h = -514 + 594. What is the remainder when 281 is divided by h?
41
Let f(x) = x**2 + 46*x - 206. Calculate the remainder when f(-73) is divided by 93.
91
Let g be 4/(-1)*126/(-8). Let i be -44 + -13 + (-25)/(-5). Let r = g + i. Calculate the remainder when 35 is divided by r.
2
Let w(d) = 89*d - 2024. Calculate the remainder when 415 is divided by w(23).
1
Let l = 6232 + -6219. Suppose 4*j - u = 297, 3*u = j - 0*u - 66. What is the remainder when j is divided by l?
10
Suppose -13*w + 59*w - 2236 = -304. Let s(v) = 72*v. Calculate the remainder when s(2) is divided by w.
18
What is the remainder when 4895 is divided by ((-730)/657)/((-4)/2934)?
5
Suppose 2*q - 179 - 70 = y, -528 = -4*q - 4*y. Suppose q*l + 42 = 134*l. Let b(m) = m**3 + 4*m**2 - 3*m - 2. What is the remainder when b(-4) is divided by l?
4
Suppose -5*b - z = z - 357, -z = b - 72. What is the remainder when 223 is divided by b?
10
Suppose 0 = -m - 3*u + 3 + 11, -u = 4*m - 12. Suppose m*n = -4*q + 250, -3*q + 185 = n - 2*n. Calculate the remainder when q is divided by 13.
10
Let k(i) = -i**3 - 9*i**2 + 5*i - 14. Let w(a) = a - 16. Let h be w(-8). Calculate the remainder when k(-10) is divided by (-3)/h + (-189)/(-24).
4
Let x be (-1850)/12 + (65/30 - 2). Let o = 168 + x. Let f(y) = 6*y + 1. Calculate the remainder when f(4) is divided by o.
11
Suppose 3*d = -3*l + 2139, 0 = d - 2*l - 90 - 644. Calculate the remainder when d is divided by 19.
17
Suppose 179 = 1397*l - 1396*l. Calculate the remainder when l is divided by 16.
3
Suppose -14*c + 1400 = -10*c. Let m = 528 - 501. Calculate the remainder when c is divided by m.
26
Suppose -5640 = -21*n + n. Calculate the remainder when n is divided by 18.
12
Suppose 2*i - 91 - 29 + 20 = 0. Calculate the remainder when 4998 is divided by i.
48
Let x = 15 - -16. Suppose 4*i = -4*h - 480, 3*i + 237 = -2*h - 126. Calculate the remainder when (-7298)/i + (-4)/(-6) is divided by x.
29
Let s(y) = -16*y. Let t(i) = 2*i**2 + 167*i - 2580. Calculate the remainder when t(14) is divided by s(-2).
22
Let q = -2 + 9. Let s = -1335 + 2767. Let b = 1458 - s. Calculate the remainder when b is divided by q.
5
Suppose -985*n = -995*n + 50. Suppose -5*d - 2*i = -2, 2*i + 14 = -d - 2*i. Suppose d*w = -n + 25. What is the remainder when w is divided by 6?
4
Suppose 0 = 3*u + 2*h - 188, 3*u = -8*h + 3*h + 173. Suppose n - 152 = -134. Calculate the remainder when u is divided by n.
12
Suppose -y - 5*f + 475 = 0, 415 = y - 99*f + 94*f. Calculate the remainder when y is divided by 18.
13
Let n(v) be the third derivative of v**6/120 - v**5/30 - v**4/2 + 11*v**3/3 + 66*v**2. Calculate the remainder when (58*2/(-4))/(-1) is divided by n(4).
5
Suppose -n = 4*n - 4*n. Let g(m) = -330*m**2 + 332*m**2 + m + n*m + 95*m**3. Calculate the remainder when g(1) is divided by 25.
23
Let n be (6 - 3 - -459)*(-1)/(-2). Suppose 20*w - n = 9*w. Calculate the remainder when 119 is divided by w.
14
Let j(k) = -k**2 - k + 22. Let y be j(-7). Let p be y/(-35) - (-162)/(-14). Let g(m) = -4*m - 32. Calculate the remainder when g(p) is divided by 3.
0
Let n be (((-1064)/(-16))/(-19))/((-1)/(-16)). Let w = n - -94. What is the remainder when 188 is divided by w?
36
Let v(b) = -b**2 + 3*b. Let f be v(11). Let l be -2 + (f/(-5))/((-3)/15). Let w = l + 114. Calculate the remainder when w is divided by 13.
11
What is the remainder when 509 is divided by 131/((35/(-14))/(-1 + -4))?
247
Suppose n + 2*p - 177 - 18 = 0, -3*n - 5*p = -588. Calculate the remainder when n is divided by 14/8*(-192)/(-21).
9
Suppose -32 = -2*k - 24. Suppose 29 = g - 3*l, 4*g + k*l + 0*l - 84 = 0. What is the remainder when 78 is divided by g?
9
Suppose 4*g + 5*y - 36 = 16, -3*g + 32 = 2*y. Suppose g*k - 4246 = -14*k. What is the remainder when k is divided by 40?
33
Suppose 2*y = 5*u + 186, y + 4*u = 2*u + 75. What is the remainder when 211 is divided by y?
45
Suppose -3*t + 2*t + 3*o = 46, o - 102 = 2*t. Let q = -16 - t. What is the remainder when q is divided by 26?
10
Suppose -40*i + 1236 = -1767 - 157. Calculate the remainder when i is divided by (255/(-20))/(6/(-16)).
11
Let p(v) = v**2 + 424*v + 7938. Calculate the remainder when 420 is divided by p(-19).
177
Let n(c) = -46*c**2 - 40*c + 1. Let y be n(-2). Let m = 139 + y. Calculate the remainder when 934 is divided by m.
34
Let b = -78 + 86. Suppose 2*q + 2 = 34. Let n(u) = -u**2 + 18*u - 9. What is the remainder when n(q) is divided by b?
7
Suppose 0 = -84*p - 8938 + 29350. Calculate the remainder when 1968 is divided by p.
24
Calculate the remainder when 3/33 - (-256404)/1518 is divided by 155.
14
Let y = -24 + 43. Suppose 676 = -15*o + y*o. Calculate the remainder when o is divided by (2170/(-9))/(-14) + (-4)/18.
16
Suppose 16 = z - 4*p, 1497*z - 2*p + 100 = 1501*z. What is the remainder when z is divided by 150/14 + 2/7?
2
Let v(u) = 2*u**3 + 2*u**2 - 39*u + 261. Calculate the remainder when v(6) is divided by 70.
41
Suppose 987 = 17*m - 1903. Suppose 8 = -3*x + m. Calculate the remainder when x is divided by 28.
26
Let c = -251 - -261. Suppose c = 5*t, -24*t = -q - 27*t + 20. Calculate the remainder when 96 is divided by q.
12
Suppose 0 = -138*j + 134*j + 2*k + 3852, -j + 967 = -k. What is the remainder when j is divided by 465?
29
Let d(v) = 32*v**3 - 274*v**2 - 38*v - 5. Calculate the remainder when d(9) is divided by 239.
70
Let s(b) = 43*b**3 - 2*b**2 + 2*b - 1. Suppose v - 32 = -10. Let p = v + -21. Calculate the remainder when s(p) is divided by 22.
20
Suppose 4489 = 2*j + 47*v - 42*v, -3*j + 3*v = -6786. Calculate the remainder when j is divided by 81.
70
Let m = 340 + -478. Let b = m - -266. Calculate the remainder when b is divided by 26.
24
Let u = -14380 + 14396. What is the remainder when u is divided by ((-12)/(-9))/((-2)/(-6))?
0
What is the remainder when -17 + 14/(-14) - -731 is divided by 57?
29
Let u(l) = -l**3 - 22*l**2 - 91*l + 10. Let n be u(-9). Let z = n + 262. What is the remainder when z is divided by 11?
5
Let b(a) = 44*a + 137. Let z be b(-6). Let c = 133 + z. Calculate the remainder when (-44)/16*(-3 - 1) is divided by c.
5
Suppose -4*o + 398 = -z, -o - 4*z = -4*o + 305. Suppose 604*m - 459 = 587*m. What is the remainder when o is divided by m?
18
Let o(r) = -r**2 + 14*r - 2. Calculate the remainder when (97/10)/(10 - (-2178)/(-220)) is divided by o(12).
9
Suppose 5*k - 320 = k. What is the remainder when k is divided by -14*(-16)/(-672) - 170/(-6)?
24
Let h = 23775 - 23769. Calculate the remainder when 5067 is divided by h.
3
Let s = -95 - -133. Suppose -k = -0*k - s. Let z = 13504 + -13490. What is the remainder when k is divided by z?
10
Let f(r) = 34*r**3 - 509*r**2 - 12*r - 33. Calculate the remainder when 263 is divided by f(15).
11
Suppose -5*x + 68 = -x + 48. Calculate the remaind